 + 1/(-7). Let h = x - 57. What is the units digit of h?
2
Let h be 6/(-30)*2*(-6 + 1). Suppose 5*u - 25 = -h*g, -4*u + g = 1 - 8. What is the tens digit of (44/8)/(u/30)?
5
Let s be -3 - (-154)/(-5 - -4). Suppose 0 = -5*t - 318 - 817. Let l = s - t. What is the units digit of l?
0
Suppose -2134796 + 389379 = -120*y + 2051863. What is the units digit of y?
4
Let b(l) = 194*l + 3. Let i be b(-2). Let r(s) = -s**3 - s**2 + 9*s - 11. Let h be r(-4). What is the tens digit of (h - i)*(-4)/(-8)?
9
Suppose 61*w + 5352 = o + 59*w, 0 = -4*w + 4. What is the units digit of o?
4
Suppose 4*h = -r + 8189, -h + 5*r + 1227 = -815. What is the tens digit of h?
4
Suppose -285*x = -87*x - 223146. What is the hundreds digit of x?
1
Let f = 35 - 72. Let y = 40 + f. Suppose -y - 29 = -b. What is the units digit of b?
2
Suppose 2*s = -3*x - 3*s + 3236, -4*x + 4*s = -4336. Suppose 3*l - 4*n = x, 0 = -4*n + 6 - 14. Suppose 0*j = 2*j - l. What is the hundreds digit of j?
1
Suppose -7*s = -5*s - 124. Suppose -7*p - 573 + s = 0. Let i = -37 - p. What is the units digit of i?
6
Suppose 87*z + 494*z = 32341365. What is the ten thousands digit of z?
5
Suppose 34*v - 77*v + 517376 = 0. What is the thousands digit of v?
2
What is the thousands digit of (1 - -6902) + (-3)/(-36)*0?
6
Let q(p) = -p - 36. Let j(l) = -l - 19. Let v(y) = -11*j(y) + 6*q(y). Let i be v(2). Suppose -5*t = -i*s + s + 163, t = -3. What is the tens digit of s?
7
Let d(a) = -378*a + 58. Let y be d(-2). Suppose -9*j = h - 13*j - 814, h - 2*j = y. What is the units digit of h?
4
What is the hundreds digit of 1 + -10 - (-67 + -692)?
7
Let y(k) = 2*k - 6 + 8*k - 2*k + 22. Let n be y(2). Suppose -n*p + 30*p + 200 = 0. What is the units digit of p?
0
Let l be -2 + (-12)/4 + 4 + 1. Suppose -b + 312 - 159 = l. What is the hundreds digit of b?
1
Let k be ((-4)/10)/(196/40 + -5). Suppose k*o + 63 + 88 = -3*a, -3*a = -2*o - 89. What is the tens digit of (-824)/o + (-2)/15*-3?
2
Let z = 3 + -2. Let i(v) = 130*v**2 - 15*v - 2. Let c(w) = 2*w**2 + 2*w + 1. Let o(k) = 6*c(k) + i(k). What is the units digit of o(z)?
3
Let s(q) = 1382*q**2 - 25*q + 90. What is the units digit of s(6)?
2
Suppose -5*b - 208 = -73. What is the tens digit of (-2 + b/(-6))/(6/360)?
5
Let c be (-14)/((-1)/1) + (1 - 4). Suppose -c = -0*a + a + 5*f, 4*a - f = 19. Suppose -16 = -4*j - 3*d, -d = -a*j + 21 - 5. What is the units digit of j?
4
Suppose l - 660 = 4*u - 5*u, -8 = -2*u. Suppose 11*f - 12*f + 3*o + l = 0, 2*f - 5*o - 1308 = 0. What is the units digit of f?
4
Suppose 3*f - 6*f + 3 = 0. Let y = f - 81. What is the tens digit of (-6*1/5)/(6/y)?
1
Let x(h) = -h**3 + 5*h**2 + 4. Suppose -6 = -5*d + 14. Let r be x(d). Let z = 64 - r. What is the units digit of z?
4
Let l(a) = -2056*a + 25302. What is the tens digit of l(0)?
0
Suppose -9*d = -3*d - 43614. What is the tens digit of d?
6
Suppose 0 = 4*j + 10*j - 126. Suppose j*c + 1485 = 12*c. What is the tens digit of c?
9
Let x(m) = -m**2 - 28*m - 20. Let z(u) = -17*u**2 - 3*u. Suppose -5*h = 3*h - 8. Let n be z(h). What is the units digit of x(n)?
0
Let g(u) = -8*u - 61. Let s be g(-16). Suppose -325 + s = -3*d + 3*b, 268 = 3*d - b. What is the tens digit of d?
9
Let x be (-4)/5*208375/(-50). Suppose -3*i = 5*y - x, -2*y - 3*i + 1332 = -i. What is the hundreds digit of y?
6
Let g(y) = 5*y**3 + 34*y**2 + 9*y - 110. Let q(t) = -4*t**3 - 32*t**2 - 10*t + 110. Let i(m) = -5*g(m) - 6*q(m). What is the tens digit of i(22)?
2
Let j(t) = -t**2 + 9*t + 14. Let r be j(5). What is the units digit of (-2)/1*(-1 + 0)*r?
8
Let k(g) = -2*g**3 + 12*g + 9. Let i(c) = c**2 + 2*c - 4. Let x be i(0). What is the units digit of k(x)?
9
Suppose -45*r + 45169 = 4*t - 50*r, -45119 = -4*t - 5*r. What is the hundreds digit of t?
2
Suppose 0 = -14*q - 27*q + 211068. Suppose 2305 + q = 29*c. What is the tens digit of c?
5
Let z(g) = g**2 - 2*g + 3. Let j be z(3). Suppose c - 2*s - 70 = -60, 0 = 5*c + 3*s + 15. Suppose c = -j*x + 5*x + 18. What is the tens digit of x?
1
Suppose p + 2*q + 3 = -0*q, -2*p + q = -9. Suppose -1180 = -t - 3*t + 4*n, -4*n = -p*t + 885. What is the hundreds digit of t?
2
Let l = 2154 - 2147. Let h(u) = 3*u**2 + 5*u - 6. Let p(f) = 4*f**2 + 5*f - 5. Let a(i) = 3*h(i) - 2*p(i). What is the tens digit of a(l)?
7
Let c(s) = 10*s**2 - 3*s - 4. Let m be (-2)/2 + -7 + 8. Suppose 0 = 4*h, -3*h = -m*j + j - 3. What is the units digit of c(j)?
7
Let o(f) = f**3 + 9*f**2 + 24*f + 53. Let x be o(-8). Let s = -45 - x. What is the units digit of s?
0
Suppose 5*j + j = 42. Let u(g) = -g**2 + 6*g + 11. Let r be u(j). Suppose -12 = -r*p, 5*b - 273 = -0*b - p. What is the tens digit of b?
5
Suppose 3*f = 19736 + 7630. What is the tens digit of f?
2
Let r(a) = -2*a**2 - 27*a - 34. Let y be r(-12). Let t(x) = 16*x**3 + 2*x**2 - 3*x + 6. What is the units digit of t(y)?
6
Suppose -7 = -n - 21. Let s = n + 20. What is the tens digit of (1 + 2/1)*(s - -58)?
9
Suppose 3*c - 1 = -16, -2*v + 440 = -4*c. Suppose 10*d + v = 15*d. Suppose 4*w - 380 = 4*y, -w - 3*y + 37 = -d. What is the tens digit of w?
9
Let l(j) = -21*j + 15. Let v(b) = -9*b + 54. Let h be v(7). What is the units digit of l(h)?
4
Suppose -5*c + 0*c + 20 = 0. Let v be c - 1 - (-6 + -17 + -5). Suppose -i = d - 233, i + 3*d - 196 - v = 0. What is the units digit of i?
6
Let t be 8/32 - 30/(-8). Suppose -2*a + 96 = 4*b - 2*b, t*b = 0. Suppose -g - 18 = -a. What is the tens digit of g?
3
Suppose -4*h + 113 = 93. What is the hundreds digit of 3*h/(30/352)?
1
What is the thousands digit of 19*(-78026)/26*2/(-2)?
7
Let q = -863 - -3919. Suppose -18*k + 3982 = -q. What is the units digit of k?
1
Let d(s) be the third derivative of 5*s**4/3 + 23*s**3/6 - 29*s**2. What is the units digit of d(24)?
3
Let v(c) = 12*c**3 + c**2 + 4. Suppose 27*m - 31*m = -8. Let w be v(m). Let r = w - 51. What is the tens digit of r?
5
Suppose 196 = -18*b + 232. Suppose 2*l + 5*w - 3515 = 0, -l - b*w = -2*l + 1762. What is the thousands digit of l?
1
Suppose y - 3*y = -8. Suppose 0*c - 8 = -y*c. What is the tens digit of (216/(-20))/(c/(-10))?
5
Suppose -45*u + 11964 = -42126. What is the hundreds digit of u?
2
Let p(r) = -r**3 - 28*r**2 - 55*r - 62. Let d be p(-26). Let s(b) = 46*b + 54. What is the hundreds digit of s(d)?
7
Suppose -16147 - 70457 = -42*f. Suppose -586 = 4*r - f. What is the hundreds digit of r?
3
Suppose 5*d + 30 = 0, 15*s - 13410 = 14*s - 2*d. What is the units digit of s?
2
Let v = 947 - 518. Let s = v - 102. Suppose 5*k - 171 = -2*z + 4*k, -4*z - 5*k = -s. What is the units digit of z?
8
Suppose -27*s + 22*s - d = -590, -5*s - 3*d + 590 = 0. Let b = s + 101. What is the units digit of b?
9
Let b = -19119 - -56906. What is the hundreds digit of b?
7
Let r(y) = 237*y**3 - 12*y**2 - y - 4. Let g be r(5). Suppose -g = -33*b - 4137. What is the hundreds digit of b?
7
Let r(u) = 2*u + 23. Let j be 5/(-15) + 22/3 + 3. Let d be r(j). Let v = d - 16. What is the tens digit of v?
2
What is the tens digit of 6494/382*(-1 + 67)?
2
Let v be 6/9 - (-20)/(-12). Let u be -1 - ((1 - 3) + v). Suppose -4*x + 202 = -5*a - 231, 0 = -2*x - u*a + 194. What is the units digit of x?
2
Suppose -5*o - 3*n = -1218, -191 = -o - 5*n + 57. Let m(j) = 137*j**2 - 1. Let w be m(-1). Let b = o - w. What is the hundreds digit of b?
1
What is the thousands digit of -698*75/(-24)*4?
8
Let c be 7/(-63)*39*-33. Suppose -c*x = -149*x + 5106. What is the units digit of x?
1
Let l(p) = -p**2 + p + 5. Let n be l(0). Let a(b) = -11*b + 64. Let i be a(4). Suppose n*q + 0*h - 680 = -4*h, -4*h = -i. What is the tens digit of q?
3
Suppose -15*p = 60*p - 798750. What is the tens digit of p?
5
Let i(b) = b**2 + 28*b + 27. Let s be i(-8). What is the hundreds digit of (-58577)/s + (-6)/14?
4
Suppose 5*u - 2 = 3*i, 4*u + 6*i = 4*i - 16. Let y be (-2 + 2)*1/u. Suppose y*r = 5*r - 75. What is the units digit of r?
5
Let o(a) = -152*a**2 + 4*a - 24. Let u be o(4). Let q = u - -3642. What is the thousands digit of q?
1
Let t = -57 + 53. What is the tens digit of (-16)/(t + 8) - -349?
4
Let s be -1*(-2 + -5 + 4). Suppose 0 = -r - s*r + 1188. What is the units digit of r?
7
Suppose h - 897 = 4*b - 67, 3*b + 630 = -3*h. Let w = b - -513. What is the units digit of w?
5
Let h(f) = -1084*f - 6077. What is the units digi